j. Let z(d) = 4*d - 4. Let p be z(7). What is the highest common divisor of p and s?
12
Let k = -4 + 6. Suppose -4*c + z + k*z = -124, z = 5*c - 166. Suppose -2*b - f + c = -2*f, -2*f + 37 = 3*b. What is the greatest common factor of 6 and b?
3
Suppose -u = -4*o - 62, -66 = -u - 0*u + 2*o. Let m(s) = -s**3 - 3*s**2 - 2*s + 4. Let p be m(-3). What is the highest common divisor of p and u?
10
Let d = -29 + 62. Suppose -3*b + 33 = -33. Calculate the highest common divisor of d and b.
11
Let m = 44 - 15. Let a = -5 + m. What is the greatest common divisor of a and 16?
8
Suppose 4*j - 4*l = 36, 2*l = -2*j - 3*l + 39. Calculate the highest common divisor of j and 12.
12
Let k(t) = t + 1. Let v = 1 + 1. Let u be k(v). Suppose -d + 15 = 3*h, u*h - 6 = 3. What is the highest common factor of 2 and d?
2
Suppose 5*m - 2*p - 233 + 87 = 0, -44 = -2*m - 4*p. Suppose 3*a = -2*s + 2, -5*a + 5*s = -m - 17. Calculate the highest common factor of 32 and a.
4
Let g(i) = i**3 + i - 2. Let r be g(2). Let m be -2 + 0 + 4*2. Suppose 5*n - 6 - m = -h, -h = n - 12. Calculate the highest common divisor of r and h.
4
Let b(z) = -4*z**3 + z**2 + z. Let r(p) = p - 6. Let k be r(5). Let c be b(k). Let l be (-1)/(-2) + 214/c. What is the greatest common factor of 6 and l?
6
Let m = -91 + 155. Calculate the greatest common divisor of 448 and m.
64
Let m(q) = q**2 - 6*q + 1. Let h be m(6). Let b(l) = -l**2 + l + 11. Let k be b(0). What is the highest common factor of k and h?
1
Suppose 2*v = -2*v. Suppose 5*w = o + 12, -w - 4*o + v = 6. Suppose -w*b + 134 = -2. Calculate the greatest common divisor of b and 17.
17
Suppose 0 = 5*h + 2*k - 696, 3*k + 124 = 4*h - 419. Let c = 28 + -5. Calculate the highest common factor of c and h.
23
Suppose -9*a + 46 = -62. What is the greatest common divisor of 3 and a?
3
Let i(h) = -7*h - 73. Let t be i(-11). Calculate the greatest common divisor of t and 124.
4
Suppose 0 = 4*s - 2*s - 16. Let o = s - -2. Calculate the greatest common divisor of o and 40.
10
Suppose -3*l + 0*v - v = -13, -v + 1 = -l. Let c(f) = 7*f + 4*f**l + 5 - 5*f**3 - 6*f. Let i be c(0). Calculate the greatest common factor of 35 and i.
5
Let r = 337 + -201. Calculate the highest common factor of 17 and r.
17
Suppose -14 = 2*w - 5*t, w + 2*t = -t + 4. Let u = 5 + w. Suppose n - 5*n = -4*a - 4, 4*a + 1 = 3*n. Calculate the greatest common divisor of n and u.
3
Suppose -5*n + 4*z = -40, 3*z - 23 = -3*n + 28. Calculate the highest common factor of n and 108.
12
Let v = 87 - -48. Let x(w) be the third derivative of w**5/60 - w**4/24 + 5*w**3/2 - w**2. Let s be x(0). Calculate the greatest common factor of v and s.
15
Let b be (-50)/(-2)*(-80)/(-50). Calculate the greatest common divisor of b and 5.
5
Suppose -6*j + 485 + 445 = 0. Calculate the greatest common divisor of j and 62.
31
Suppose -9*b + 4*b + 75 = 0. What is the highest common divisor of b and 165?
15
Suppose 5*j = -0*j + 20. Let c be j/14 + (-276)/(-14). What is the greatest common factor of c and 220?
20
Suppose -g + 362 = 4*g + 3*k, 2*k = -4*g + 290. Let q = g + -31. Calculate the highest common factor of q and 6.
6
Suppose 0 = 3*c - 8*c + 3*k + 96, -c - 5*k = -8. Let s = 23 - 14. What is the greatest common factor of c and s?
9
Suppose -o - 13 = -53. Let l(y) = y**2 + 7*y - 10. Let j = -15 + 5. Let p be l(j). What is the highest common divisor of o and p?
20
Suppose 2*q + 0*n - 2*n - 128 = 0, -q = -3*n - 72. What is the highest common factor of 24 and q?
12
Suppose -2*v + 5*w + 213 = 0, v - 307 = -2*v - 5*w. Calculate the greatest common divisor of v and 13.
13
Let m = -20 - -29. Let c be (-735)/(-27) - (-4)/(-18). What is the highest common divisor of c and m?
9
Let z be 12/(-18)*3/1. Let h be 27 + z*(0 + 1). Calculate the greatest common factor of h and 10.
5
Let u(w) = -2*w + 8. Let h be u(-7). Suppose -3*c - c - h = -2*i, -2*c = -4*i + 20. What is the greatest common factor of 24 and i?
3
Let u(i) be the second derivative of -i**3 + i**2 + i. Let d be u(-6). Let r be (4 - 9/3) + 56. Calculate the greatest common divisor of d and r.
19
Let q be -6*(5/(-2) + 1). Let d(t) = -t**3 - 8*t**2 - 4*t + 2. Let g be d(-8). Let w = 97 - g. What is the highest common factor of w and q?
9
Let o(f) = -f**2 + 5*f - 2. Let u be o(4). Let q = -1 - u. Let y(d) = d**2 + 2. Let t be y(q). What is the greatest common divisor of 11 and t?
11
Let j(f) = -f**2 + 31*f - 48. Let l be j(22). Calculate the highest common factor of l and 6.
6
Suppose -4*v - 5*k = -0*v + 494, 5*k = -3*v - 368. Let r = v + 262. Calculate the greatest common divisor of 17 and r.
17
Let a be (-28)/((2 + 1)/(-3)). Let d = a + -13. Let j(m) = -m + 9. Let n be j(6). What is the highest common divisor of n and d?
3
Let a = -682 - 662. Let x be a/(-27) - 4/(-18). Suppose 0 = 2*t - x - 142. Calculate the greatest common divisor of t and 12.
12
Let q(b) = -b**3 - 7*b**2 - 4*b + 2. Let d be q(-7). Suppose 0 = 2*c - 18 - d. What is the greatest common divisor of c and 60?
12
Suppose 2*a + 30 = -2*a + 5*c, 3*c = 6. Let q be 2/(-6) - 22/6. Let x = q - a. Calculate the highest common factor of x and 9.
1
Let t(i) = i**2 - 3*i - 2. Let p be t(-2). Let u = -26 + 50. Calculate the greatest common factor of p and u.
8
Let h be ((-6)/(-4))/(597/(-150) + 4). Suppose 0*m = m - 15. Calculate the greatest common factor of h and m.
15
Let u(w) = -10 - 2*w + 41*w**3 + 11 + 51*w**3. Let p be u(1). Let q = 17 - 4. What is the highest common factor of q and p?
13
Let f = 5 + -5. Suppose 18 = 3*y + s, 2*y = -f*y + s + 7. Calculate the highest common factor of y and 15.
5
Let s = 54 + 2. Suppose 0 = -0*y + 2*y + 4. Let v be y/(-8) + 108/16. Calculate the highest common divisor of v and s.
7
Suppose -109 = -2*g + 3*q + 191, -5*g - 2*q = -712. Let y(l) = -2*l + 6. Let p be y(-5). What is the highest common factor of p and g?
16
Suppose 42 = 3*q - 0. Suppose 5*b - 79 = 4*z - 25, 4*z = b - q. Let k be b - (2 + -4) - 2. Calculate the greatest common factor of 20 and k.
10
Let l be ((-2)/4)/((-2)/(-312)). Let f be 2/(-3) + l/(-9). Calculate the greatest common factor of 20 and f.
4
Suppose -4*f - 5*h = -46, -f = 2*f - 2*h - 23. Suppose -m + 13 = k, 5*m - 4 = -k + f. Calculate the highest common factor of k and 13.
13
Suppose 3*b - 246 = -2*f, -4*f + 1 + 11 = 0. Let k = 11 - 3. Calculate the greatest common factor of b and k.
8
Let n(p) = p**2 + p + 3. Let c be n(0). Suppose -c - 2 = -5*a. What is the greatest common divisor of 9 and a?
1
Suppose 33 = 3*x - 6. What is the greatest common factor of x and 26?
13
Let s(f) = 3*f**3 - f. Let b be s(-1). Let i = b - 0. Let j be -3 - i - -1*9. What is the greatest common divisor of 64 and j?
8
Suppose 2*r - 3*r = 3*b - 12, b - 4 = 2*r. Calculate the greatest common divisor of 6 and b.
2
Suppose 0 = h - 4*f - 7 - 1, 0 = f - 5. Calculate the highest common factor of 70 and h.
14
Let m(u) = -5 + 5 - u**2 + 5 - 6*u. Let w be m(-7). Let v be w/6*(0 + -15). Calculate the greatest common divisor of 45 and v.
5
Let y be ((-9)/(-6))/((-1)/(-2)). Suppose -5*s + 7 = -y. Suppose s*o = -9 + 27. What is the highest common factor of o and 99?
9
Let q(z) = 17*z - 1. Let m be q(3). Suppose -f + 4*f = 0. Suppose 4*r - 20 = f, 7 - 102 = -5*c + r. What is the greatest common factor of m and c?
10
Let j(s) = 11*s - 6 - 10*s + 4*s**2 + 0. Let o be j(6). What is the highest common factor of o and 18?
18
Let q be 4*2 + (-17)/(-17). Suppose -3*c - 63 = -2*t - 0*c, 4*t + 4*c - 96 = 0. Calculate the greatest common factor of q and t.
9
Let j(x) be the third derivative of x**6/60 - x**5/12 - x**4/6 + 2*x**3/3 + 2*x**2. Let o be j(4). What is the greatest common factor of o and 9?
9
Let v be (-15)/(-2)*4/3. What is the highest common divisor of v and 90?
10
Let b = -57 + 102. Calculate the highest common divisor of b and 15.
15
Suppose -4*q = 4*n - 672, 7*q - 2*q - 840 = -4*n. Calculate the greatest common factor of 21 and q.
21
Suppose -p + 102 = 3*n - 26, 15 = 5*n. Suppose -3*a - 47 = -p. Let b be 14 + (1 - 2/(-2)). What is the greatest common factor of b and a?
8
Suppose -2*w = 2*w + 4*a - 24, 2*w + 4*a - 4 = 0. Let z(t) = 2*t**2 + 11*t + 9. Let j be z(-7). Calculate the highest common divisor of j and w.
10
Suppose 5*c = 108 + 67. What is the highest common divisor of